{"id":248,"date":"2023-07-22T09:18:57","date_gmt":"2023-07-22T09:18:57","guid":{"rendered":"https:\/\/orthoviva.at\/?page_id=248"},"modified":"2026-01-21T13:51:55","modified_gmt":"2026-01-21T13:51:55","slug":"datenschutz","status":"publish","type":"page","link":"https:\/\/orthoviva.at\/index.php\/datenschutz\/","title":{"rendered":"Datenschutz"},"content":{"rendered":"<p>[et_pb_section fb_built=&#8220;1&#8243; _builder_version=&#8220;4.21.0&#8243; _module_preset=&#8220;default&#8220; global_colors_info=&#8220;{}&#8220;][et_pb_row _builder_version=&#8220;4.21.0&#8243; _module_preset=&#8220;default&#8220; global_colors_info=&#8220;{}&#8220;][et_pb_column type=&#8220;4_4&#8243; _builder_version=&#8220;4.21.0&#8243; _module_preset=&#8220;default&#8220; global_colors_info=&#8220;{}&#8220;][et_pb_text _builder_version=&#8220;4.21.0&#8243; _module_preset=&#8220;default&#8220; global_colors_info=&#8220;{}&#8220;]<\/p>\n<h1>Impressum<\/h1>\n<p>[\/et_pb_text][et_pb_text _builder_version=&#8220;4.21.0&#8243; _module_preset=&#8220;default&#8220; global_colors_info=&#8220;{}&#8220;]<\/p>\n<div id=\"comp-k8zoxv9h\" class=\"BaOVQ8 tz5f0K comp-k8zoxv9h wixui-rich-text\" data-testid=\"richTextElement\">\n<div id=\"comp-k8zoxv9h\" class=\"BaOVQ8 tz5f0K comp-k8zoxv9h wixui-rich-text\" data-testid=\"richTextElement\">\n<p class=\"font_8 wixui-rich-text__text\"><span class=\"color_15 wixui-rich-text__text\"><span class=\"wixui-rich-text__text\">pF\u00fcr den Inhalt:<br class=\"wixui-rich-text__text\" \/>Dr. Marius Vickery Msc<br class=\"wixui-rich-text__text\" \/>Facharztpraxis mit Schwerpunkt Kieferorthop\u00e4die (Zahnregulierung) und Prophylaxe (Mundhygiene)<br class=\"wixui-rich-text__text\" \/>A-6330 Kufstein, Austria<br class=\"wixui-rich-text__text\" \/>Marktgasse 20<br class=\"wixui-rich-text__text\" \/>Tel.: +43 5372 66222<br class=\"wixui-rich-text__text\" \/>office@orthoviva.at<br class=\"wixui-rich-text__text\" \/>Mitglied der \u00d6sterreichischen Zahn\u00e4rztekammer<br class=\"wixui-rich-text__text\" \/>T\u00e4tigkeit unterliegt dem Zahn\u00e4rztegesetz-Z\u00c4G (siehe www.ris.bka.gv.at\/bundesrecht<br class=\"wixui-rich-text__text\" \/>Bilder\/Videos<br class=\"wixui-rich-text__text\" \/>Dr. Marius Vickery, Samuel Kahn, Canva;<br class=\"wixui-rich-text__text\" \/><br class=\"wixui-rich-text__text\" \/>Design und technische Umsetzung<br class=\"wixui-rich-text__text\" \/><\/span><\/span><span class=\"color_15 wixui-rich-text__text\"><span class=\"wixui-rich-text__text\">PocketAid GmbH<br class=\"wixui-rich-text__text\" \/>www.Pocketaid.at<br class=\"wixui-rich-text__text\" \/><br class=\"wixui-rich-text__text\" \/>DISCLAIMER<br class=\"wixui-rich-text__text\" \/>F\u00fcr die Richtigkeit und Vollst\u00e4ndigkeit der auf der Homepage angebotenen Inhalte wird keinerlei Gew\u00e4hr \u00fcbernommen. Den mittels Internet angebotenen Informationen kommt keinerlei Rechtsverbindlichkeit zu. Verschiedene Elemente auf diesen Seiten sind urheberrechtlich oder durch gesetzliche Grundlagen gesch\u00fctzt. Wir m\u00f6chten ausdr\u00fccklich betonen, dass wir keinerlei Einfluss auf die Gestaltung und die Inhalte von Seiten haben, auf die wir einen Link schalten. F\u00fcr die Inhalte und die Richtigkeit von gelinkten Seiten \u00fcbernehmen wir keinerlei Haftung.<\/span><\/span><\/p>\n<\/div>\n<div id=\"comp-k8zozsll\" class=\"BaOVQ8 tz5f0K comp-k8zozsll wixui-rich-text\" data-testid=\"richTextElement\">\n<h1 class=\"font_3 wixui-rich-text__text\"><span class=\"wixui-rich-text__text\"><\/span><\/h1>\n<h1 class=\"font_3 wixui-rich-text__text\"><span class=\"wixui-rich-text__text\"><\/span><\/h1>\n<h1 class=\"font_3 wixui-rich-text__text\"><span class=\"wixui-rich-text__text\"><\/span><\/h1>\n<h1 class=\"font_3 wixui-rich-text__text\"><span class=\"wixui-rich-text__text\"><\/span><\/h1>\n<h1 class=\"font_3 wixui-rich-text__text\"><span class=\"wixui-rich-text__text\">Datenschutz<\/span><\/h1>\n<\/div>\n<div id=\"comp-k8zozsls\" class=\"BaOVQ8 tz5f0K comp-k8zozsls wixui-rich-text\" data-testid=\"richTextElement\">\n<p class=\"font_8 wixui-rich-text__text\"><span class=\"color_15 wixui-rich-text__text\"><span class=\"wixui-rich-text__text\"><\/span><\/span><\/p>\n<p class=\"font_8 wixui-rich-text__text\"><span class=\"color_15 wixui-rich-text__text\"><span class=\"wixui-rich-text__text\"><\/span><\/span><\/p>\n<p class=\"font_8 wixui-rich-text__text\"><span class=\"color_15 wixui-rich-text__text\"><span class=\"wixui-rich-text__text\"><\/span><\/span><\/p>\n<p class=\"font_8 wixui-rich-text__text\"><span class=\"color_15 wixui-rich-text__text\"><span class=\"wixui-rich-text__text\">Liebe Websitebesucherin, Lieber Websitebesucher,<br class=\"wixui-rich-text__text\" \/><br class=\"wixui-rich-text__text\" \/>der Schutz Ihrer personenbezogenen Daten ist uns ein besonderes Anliegen, weshalb wir darum bem\u00fcht sind mit Ihren Daten sorgf\u00e4ltig zu verarbeiten und im Umgang gr\u00f6\u00dftm\u00f6gliche Sorgfalt walten zu lassen. Wir beachten dabei die geltenden Rechtsvorschriften zum Schutz personenbezogener Daten und treffen \u00fcberdies geeignete technische und organisatorische Ma\u00dfnahmen f\u00fcr die Datensicherheit.<br class=\"wixui-rich-text__text\" \/><br class=\"wixui-rich-text__text\" \/>Datenschutzrechtlich Verantwortlicher<br class=\"wixui-rich-text__text\" \/><br class=\"wixui-rich-text__text\" \/>Dr. Marius Vickery Msc<br class=\"wixui-rich-text__text\" \/><br class=\"wixui-rich-text__text\" \/>Kontaktdaten:<br class=\"wixui-rich-text__text\" \/>Dr. Marius Vickery Msc<br class=\"wixui-rich-text__text\" \/>Marktgasse 20 6330 Kufstein<br class=\"wixui-rich-text__text\" \/><br class=\"wixui-rich-text__text\" \/>Kontaktformular:<br class=\"wixui-rich-text__text\" \/><br class=\"wixui-rich-text__text\" \/>Sollten Sie das Kontaktformular auf unserer Homepage bef\u00fcllen oder per E-Mail-Kontakt mit uns aufnehmen, werden Ihre dort angegebenen Daten zur Weiterbearbeitung Ihrer Anfrage und f\u00fcr den Fall, dass weitere Anschlussfragen entstehen f\u00fcr 3 Monate gespeichert. Wir geben Ihre Daten nicht ohne Ihre Einwilligung an Dritte weiter. F\u00fcr das Kontaktformular verwenden wir eine eignes verschl\u00fcsselte Verbindung, welche ausschlie\u00dflich Ihre Kontaktdaten f\u00fcr den oben genannten Zeitraum tempor\u00e4r speichert.<br class=\"wixui-rich-text__text\" \/><br class=\"wixui-rich-text__text\" \/>Informationen zu Cookies<br class=\"wixui-rich-text__text\" \/><br class=\"wixui-rich-text__text\" \/>Unserer Website verwendet Cookies. Dies sind kleine Textdateien die durch den Browser auf Ihrem Endger\u00e4t abgelegt werden. Die Cookies richten keinen Schaden am Endger\u00e4t an.<br class=\"wixui-rich-text__text\" \/><br class=\"wixui-rich-text__text\" \/>Cookies sind ein Instrument, um die Website stetig zu verbessern und bspw. nutzerfreundlichen gestalten zu k\u00f6nnen. Zum anderen dienen sie, um die statistische Daten der Webseitennutzung zu erfassen und sie zwecks Verbesserung des Angebotes analysieren zu k\u00f6nnen. Cookies k\u00f6nnen auf Ihrem Endger\u00e4t gespeichert bleiben, bis diese von Ihnen vom Endger\u00e4t gel\u00f6scht werden. Sie k\u00f6nnen Ihren Browser einrichten, sodass Sie \u00fcber das Setzen von Cookies informiert werden und Sie dies im Einzelfall unterbinden k\u00f6nnen. Dies kann jedoch Einfluss auf die Funktionalit\u00e4t dieser Website haben.<br class=\"wixui-rich-text__text\" \/><br class=\"wixui-rich-text__text\" \/>Auf dieser Website verwenden wir sogenannte Session Cookies, welche beim Aufruf der Website generiert und automatisch wieder gel\u00f6scht werden. Diese dienen der Wiedererkennung, wenn Sie innerhalb kurzer Zeit diese Website erneut besuchen und um bereits gew\u00e4hlte Voreinstellungen von vornherein zu ber\u00fccksichtigen. Hierbei ist zu beachten, dass in diesem Zusammenhang keine personenbezogenen Daten von Ihnen gespeichert werden.<br class=\"wixui-rich-text__text\" \/><br class=\"wixui-rich-text__text\" \/>Google Analytics<br class=\"wixui-rich-text__text\" \/><br class=\"wixui-rich-text__text\" \/>Diese Website nutzt Funktionen des Webanalysedienstes Google Analytics. Anbieter ist Google Inc., 1600 Amphitheatre Parkway Mountain View, CA 94043, USA. Dazu werden Cookies verwendet, die eine Analyse der Benutzung der Website durch Ihre Benutzer m\u00f6glich macht. Die dadurch erzeugten Informationen werden auf den Server des Anbieters \u00fcbertragen und dort gespeichert. Im Auftrag des Betreibers dieser Website wird Google diese Informationen benutzen, um die Nutzung der Website durch die Nutzer auszuwerten, um Reports \u00fcber die Websiteaktivit\u00e4ten zusammenzustellen und um weitere mit der Websitenutzung und der Internetnutzung verbundene Dienstleistungen gegen\u00fcber dem Websitebetreiber zu erbringen. Die im<br class=\"wixui-rich-text__text\" \/>Rahmen von Google Analytics von Ihrem Browser \u00fcbermittelte IP-Adresse wird nicht mit anderen Daten von Google zusammengef\u00fchrt.<br class=\"wixui-rich-text__text\" \/><br class=\"wixui-rich-text__text\" \/>Die von Google Analytics verarbeiteten Daten sind vor allem die Online \u2013 Kennzeichnung, Internet Protokoll Adresse, Ger\u00e4tekennungen, Standortdaten, vom Kunden vergebene Kennzeichnungen, sowie Nutzerdaten (Zugriffszeitpunkt, Zugriffsdauer,etc.).<br class=\"wixui-rich-text__text\" \/><br class=\"wixui-rich-text__text\" \/>Wir d\u00fcrfen f\u00fcr weitere datenschutzrechtliche Informationen im Zusammenhang mit Google Analytics auf die Datenschutzerkl\u00e4rung von Google verweisen. Sie k\u00f6nnen diese unter folgendem Link\u00a0\u00a0<a href=\"https:\/\/policies.google.com\/privacy?hl=de\" target=\"_blank\" class=\"wixui-rich-text__text\" rel=\"noopener\">https:\/\/policies.google.com\/privacy?hl=de<\/a>\u00a0abrufen.<br class=\"wixui-rich-text__text\" \/><br class=\"wixui-rich-text__text\" \/>Wen Sie die Verarbeitung Ihrer Nutzerdaten und die Verarbeitung Ihrer Daten mittels Cookies unterbinden wollen, folgen Sie bitten folgendem Link: \u00a0<a href=\"https:\/\/tools.google.com\/dlpage\/gaoptout?hl=de\" target=\"_blank\" class=\"wixui-rich-text__text\" rel=\"noopener\">https:\/\/tools.google.com\/dlpage\/gaoptout?hl=de<\/a>. Alternativ zum Browser-Add-On oder innerhalb von Browsern auf mobilen Ger\u00e4ten, klicken Sie auf\u00a0&#8222;Deaktivieren&#8220;, um die Erfassung durch Google Analytics innerhalb dieser Website zuk\u00fcnftig zu verhindern. Dabei wird ein Opt-Out-Cookie auf Ihrem Ger\u00e4t abgelegt. L\u00f6schen Sie Ihre Cookies, m\u00fcssen Sie diesen Link erneut klicken.<br class=\"wixui-rich-text__text\" \/><br class=\"wixui-rich-text__text\" \/>Die Webanalyse ist technisch bedingt und stellt damit ein berechtigtes Interesse iSv Art. 6 (1) lit f DSGVO dar. Die \u00dcbermittlung von Daten an den Auftragsverarbeiter basiert auf einem Angemessenheitsbeschluss der Europ\u00e4ischen Kommission. Die Daten werden regelm\u00e4\u00dfig (derzeit alle 26 Monate) gel\u00f6scht.<br class=\"wixui-rich-text__text\" \/><br class=\"wixui-rich-text__text\" \/>Ihre Betroffenenrechte gem. Datenschutz-Grundverordnung<br class=\"wixui-rich-text__text\" \/><br class=\"wixui-rich-text__text\" \/>Ihnen stehen bez\u00fcglich Ihrer von uns gespeicherten Daten folgende Datenschutzrecht zu.<br class=\"wixui-rich-text__text\" \/><br class=\"wixui-rich-text__text\" \/>&#8211; \u00a0 \u00a0 \u00a0Recht auf Auskunft<br class=\"wixui-rich-text__text\" \/><br class=\"wixui-rich-text__text\" \/>&#8211;\u00a0\u00a0\u00a0\u00a0\u00a0\u00a0Recht Berichtigung<br class=\"wixui-rich-text__text\" \/><br class=\"wixui-rich-text__text\" \/>&#8211;\u00a0\u00a0\u00a0\u00a0\u00a0\u00a0Recht auf L\u00f6schung<br class=\"wixui-rich-text__text\" \/><br class=\"wixui-rich-text__text\" \/>&#8211; \u00a0 \u00a0 \u00a0Recht auf Einschr\u00e4nkung<br class=\"wixui-rich-text__text\" \/><br class=\"wixui-rich-text__text\" \/>&#8211; \u00a0 \u00a0 \u00a0Recht auf Daten\u00fcbertragbarkeit<br class=\"wixui-rich-text__text\" \/><br class=\"wixui-rich-text__text\" \/>&#8211; \u00a0 \u00a0 \u00a0Recht auf Widerruf<br class=\"wixui-rich-text__text\" \/><br class=\"wixui-rich-text__text\" \/>Wenn Sie glauben, dass die Verarbeitung Ihrer pers\u00f6nlichen Daten gegen das Datenschutzrecht verst\u00f6\u00dft oder Ihre datenschutzrechtlichen Anspr\u00fcche sonst in einer Weise verletzt worden sind, k\u00f6nnen Sie sich unter dieser E-Mail Adresse\u00a0<a href=\"mailto:office@orthoviva.at\" target=\"_self\" class=\"wixui-rich-text__text\" rel=\"noopener\">office@orthoviva.at<\/a>\u00a0beschweren oder die Datenschutzbeh\u00f6rde anrufen. F\u00fcr \u00d6sterreich w\u00e4re dies die \u00f6sterreichische Datenschutzbeh\u00f6rde, die Sie unter folgenden Kontaktdaten erreichen k\u00f6nnen:<br class=\"wixui-rich-text__text\" \/><br class=\"wixui-rich-text__text\" \/>\u00d6sterreichische Datenschutzbeh\u00f6rde<br class=\"wixui-rich-text__text\" \/>Barichgasse 40-42\u00a0\u00a0<br class=\"wixui-rich-text__text\" \/>1030 Wien<br class=\"wixui-rich-text__text\" \/>Telefon: +43 1 52 152-0<br class=\"wixui-rich-text__text\" \/>E-Mail:\u00a0<a href=\"mailto:dsb@dsb.gv.at\" target=\"_self\" class=\"wixui-rich-text__text\" rel=\"noopener\">dsb@dsb.gv.at<\/a><br class=\"wixui-rich-text__text\" \/>Datenschutzerkl\u00e4rung:<br class=\"wixui-rich-text__text\" \/><br class=\"wixui-rich-text__text\" \/>Liebe<br class=\"wixui-rich-text__text\" \/>Patientin,<br class=\"wixui-rich-text__text\" \/><br class=\"wixui-rich-text__text\" \/>Lieber<br class=\"wixui-rich-text__text\" \/>Patient,<br class=\"wixui-rich-text__text\" \/><br class=\"wixui-rich-text__text\" \/>der Schutz Ihrer personenbezogener Daten ist uns ein besonderes Anliegen und Orthoviva by Dr. Vickery legt gro\u00dfen Wert darauf, im Umgang mit Ihren personenbezogenen Daten die gr\u00f6\u00dftm\u00f6gliche Sorgfalt walten zu lassen und mit Ihren Daten vor allem sorgsam umzugehen. Hierf\u00fcr halten wir alle nationalen und internationalen datenschutzrechtlichen Verpflichtungen ein. Es ist uns \u00fcberdies wichtig, Sie \u00fcber die personenbezogenen Daten die im Rahmen Ihrer Behandlung verarbeitet werden zu informieren. Sofern gesetzlich vorgesehen, informieren wir Sie \u00fcber die einzelnen Verarbeitungen gesondert und \/ oder holen vorab Ihre Einwilligung ein.<br class=\"wixui-rich-text__text\" \/><br class=\"wixui-rich-text__text\" \/>Was sind<br class=\"wixui-rich-text__text\" \/>&#8222;personenbezogene Daten\u201c?<br class=\"wixui-rich-text__text\" \/><br class=\"wixui-rich-text__text\" \/>Jedermann hat, insbesondere auch im Hinblick auf die Achtung seines Privat- und Familienlebens, Anspruch auf Geheimhaltung der ihn betreffenden personenbezogenen Daten, soweit ein schutzw\u00fcrdiges Interesse daran besteht. Hierbei handelt es sich um das Grundrecht auf Datenschutz.<br class=\"wixui-rich-text__text\" \/><br class=\"wixui-rich-text__text\" \/>Gem. Art. 4 DSGVO sind personenbezogene Daten jene Angaben \u00fcber Betroffene,deren Identit\u00e4t bestimmt oder bestimmbar ist. Personenbezogene Daten sind daher nicht nur der Name, das Geburtsdatum, die Adresse oder die Sozialversicherungsnummer, sondern auch Videoaufzeichnungen, Fotos und Stimmaufnahmen von Personen sowie biometrische Daten wie etwa Fingerabdr\u00fccke.<br class=\"wixui-rich-text__text\" \/><br class=\"wixui-rich-text__text\" \/>Nicht personenbezogene (anonymisierte) Daten hingegen sind Angaben, die unter keinen Umst\u00e4nden auf Betroffene r\u00fcckf\u00fchrbar sind. Diese unterliegen daher nicht dem Anwendungsbereich des Datenschutzes.<br class=\"wixui-rich-text__text\" \/><br class=\"wixui-rich-text__text\" \/>Welche personenbezogenen Daten verarbeiten wir<br class=\"wixui-rich-text__text\" \/>von unseren Patientinnen?<br class=\"wixui-rich-text__text\" \/><br class=\"wixui-rich-text__text\" \/>Zur Erf\u00fcllung unserer Pflichten aus dem Behandlungsvertrag sowie<br class=\"wixui-rich-text__text\" \/>zur Erf\u00fcllung anderweitiger, rechtlicher Vorgaben verarbeiten wir ua.<br class=\"wixui-rich-text__text\" \/>nachfolgende Kategorien von Daten unserer Patientinnen und Patienten: Allgemeine Daten zur Person, Daten zur Versicherung und Abrechnung, Medizinische Dokumentation, Untersuchungsdaten;<br class=\"wixui-rich-text__text\" \/><br class=\"wixui-rich-text__text\" \/>Wozu verwenden wir die personenbezogenen Daten<br class=\"wixui-rich-text__text\" \/>unserer Patientinnen?<br class=\"wixui-rich-text__text\" \/><br class=\"wixui-rich-text__text\" \/>Wir verwenden personenbezogene Daten unserer Patientinnen ausschlie\u00dflich zur Erf\u00fcllung unserer Pflichten aus den mit diesen abgeschlossenen Behandlungsvertr\u00e4gen sowie zur Erf\u00fcllung rechtlicher Vorgaben.<br class=\"wixui-rich-text__text\" \/><br class=\"wixui-rich-text__text\" \/>Jede dar\u00fcber hinaus gehende Verarbeitung erfolgt lediglich mit vorhergehender Zustimmung unserer Patientinnen und\/oder auf Wunsch derselben.<br class=\"wixui-rich-text__text\" \/><br class=\"wixui-rich-text__text\" \/>An wen geben wir\u00a0personenbezogene Daten unserer Patientinnen weiter?<br class=\"wixui-rich-text__text\" \/><br class=\"wixui-rich-text__text\" \/>\u00a0<br class=\"wixui-rich-text__text\" \/><br class=\"wixui-rich-text__text\" \/>Wie sch\u00fctzen wir Ihre\u00a0personenbezogenen Daten?<br class=\"wixui-rich-text__text\" \/><br class=\"wixui-rich-text__text\" \/>Wir haben f\u00fcr die Sicherheit unserer Netzwerke, unserer Infrastruktur und unserer Informationssysteme gesorgt und umfangreiche technische L\u00f6sungen zum Schutz Ihrer personenbezogenen Daten implementiert wie z.B. Schutz von Passw\u00f6rtern, Verschl\u00fcsselung, Firewalls, Antivirus-Programme.<br class=\"wixui-rich-text__text\" \/><br class=\"wixui-rich-text__text\" \/>Dar\u00fcber hinaus haben wir Ma\u00dfnahmen gesetzt, die geeignet sind,<br class=\"wixui-rich-text__text\" \/>Unbefugten den Zutritt zu unserer Praxis und damit zu Ihren sensiblen Daten zu<br class=\"wixui-rich-text__text\" \/>verwehren.<br class=\"wixui-rich-text__text\" \/><br class=\"wixui-rich-text__text\" \/>Wir treffen Ma\u00dfnahmen, die sicherstellen, dass Ihre personenbezogenen Daten bei der elektronischen \u00dcbertragung oder w\u00e4hrend ihres Transports oder ihrer Speicherung auf Datentr\u00e4ger nicht unbefugt gelesen, kopiert, ver\u00e4ndert oder entfernt werden k\u00f6nnen, und dass \u00fcberpr\u00fcft und festgestellt werden kann, an welche Stellen eine \u00dcbermittlung personenbezogener Daten durch Einrichtungen zur Daten\u00fcbertragung vorgesehen ist.<br class=\"wixui-rich-text__text\" \/><br class=\"wixui-rich-text__text\" \/>Wir treffen Gew\u00e4hr, dass nachtr\u00e4glich \u00fcberpr\u00fcft und festgestellt werden kann, ob und von wem personenbezogene Datenin Datenverarbeitungssysteme eingegeben, ver\u00e4ndert oder entfernt worden sind, dies durch die Vergabe von Rechten zur Eingabe, \u00c4nderung und L\u00f6schung von Daten auf Basis eines Berechtigungskonzepts sowie durch die Protokollierung von Eingabe, \u00c4nderung und L\u00f6schung von Daten durch individuelle Benutzernamen<br class=\"wixui-rich-text__text\" \/>(nicht Benutzergruppen) und weiteres durch die Aufbewahrung von Formularen, von denen Daten in automatisierte Verarbeitungen \u00fcbernommen worden sind.<br class=\"wixui-rich-text__text\" \/><br class=\"wixui-rich-text__text\" \/>Wie lange bewahren wir Ihre<br class=\"wixui-rich-text__text\" \/>personenbezogenen Daten auf?<br class=\"wixui-rich-text__text\" \/><br class=\"wixui-rich-text__text\" \/>\u00a0Ihnen die\u00a0Betroffenenrechte nach DSGVO zu, bitte entnehmen Sie die Rechte und\u00a0Kontaktstellen, dem Kapitel weiter oben (Betroffenenrechte gem.\u00a0Datenschutz-Grundverordnung).<\/span><\/span><\/p>\n<\/div>\n<\/div>\n<p>[\/et_pb_text][\/et_pb_column][\/et_pb_row][\/et_pb_section]<\/p>\n","protected":false},"excerpt":{"rendered":"<p>Impressum pF\u00fcr den Inhalt:Dr. Marius Vickery MscFacharztpraxis mit Schwerpunkt Kieferorthop\u00e4die (Zahnregulierung) und Prophylaxe (Mundhygiene)A-6330 Kufstein, AustriaMarktgasse 20Tel.: +43 5372 66222office@orthoviva.atMitglied der \u00d6sterreichischen Zahn\u00e4rztekammerT\u00e4tigkeit unterliegt dem Zahn\u00e4rztegesetz-Z\u00c4G (siehe www.ris.bka.gv.at\/bundesrechtBilder\/VideosDr. Marius Vickery, Samuel Kahn, Canva;Design und technische UmsetzungPocketAid GmbHwww.Pocketaid.atDISCLAIMERF\u00fcr die Richtigkeit und Vollst\u00e4ndigkeit der auf der Homepage angebotenen Inhalte wird keinerlei Gew\u00e4hr \u00fcbernommen. Den mittels Internet angebotenen [&hellip;]<\/p>\n","protected":false},"author":3,"featured_media":0,"parent":0,"menu_order":0,"comment_status":"closed","ping_status":"closed","template":"","meta":{"_et_pb_use_builder":"on","_et_pb_old_content":"","_et_gb_content_width":"","footnotes":""},"class_list":["post-248","page","type-page","status-publish","hentry"],"aioseo_notices":[],"_links":{"self":[{"href":"https:\/\/orthoviva.at\/index.php\/wp-json\/wp\/v2\/pages\/248","targetHints":{"allow":["GET"]}}],"collection":[{"href":"https:\/\/orthoviva.at\/index.php\/wp-json\/wp\/v2\/pages"}],"about":[{"href":"https:\/\/orthoviva.at\/index.php\/wp-json\/wp\/v2\/types\/page"}],"author":[{"embeddable":true,"href":"https:\/\/orthoviva.at\/index.php\/wp-json\/wp\/v2\/users\/3"}],"replies":[{"embeddable":true,"href":"https:\/\/orthoviva.at\/index.php\/wp-json\/wp\/v2\/comments?post=248"}],"version-history":[{"count":5,"href":"https:\/\/orthoviva.at\/index.php\/wp-json\/wp\/v2\/pages\/248\/revisions"}],"predecessor-version":[{"id":489,"href":"https:\/\/orthoviva.at\/index.php\/wp-json\/wp\/v2\/pages\/248\/revisions\/489"}],"wp:attachment":[{"href":"https:\/\/orthoviva.at\/index.php\/wp-json\/wp\/v2\/media?parent=248"}],"curies":[{"name":"wp","href":"https:\/\/api.w.org\/{rel}","templated":true}]}}